
Is 12220253 prime?
True
Is 392879 composite?
False
Is 15207869 prime?
False
Is 15589753 a prime number?
True
Is 13986809 prime?
True
Is 1960793 a composite number?
True
Is 38642995 a prime number?
False
Is 26609801 a composite number?
True
Is 768161 a composite number?
False
Is 14319533 a prime number?
False
Is 172334891 a prime number?
True
Is 152572481 prime?
False
Is 15978571 prime?
False
Is 18840013 a prime number?
False
Is 29956229 composite?
False
Is 1783949 a composite number?
True
Is 52237183 a composite number?
False
Is 201979454 a composite number?
True
Is 12741627 composite?
True
Is 4838143 a prime number?
True
Is 203365763 a composite number?
False
Is 9269053 prime?
True
Is 321959 a prime number?
False
Is 1835453 a composite number?
False
Is 1020861733 a prime number?
True
Is 6394381 composite?
True
Is 5003419 prime?
False
Is 84899915 a composite number?
True
Is 26029039 composite?
True
Is 665782417 prime?
False
Is 152971553 a composite number?
True
Is 73995113 prime?
False
Is 320377 a composite number?
False
Is 5437139 prime?
True
Is 14552257 composite?
False
Is 83636291 prime?
False
Is 762911 a composite number?
True
Is 65637499 a composite number?
False
Is 1691069 a prime number?
True
Is 11179 a composite number?
True
Is 22412651 prime?
False
Is 5792407 a prime number?
True
Is 8026747 a composite number?
True
Is 99021899 a composite number?
False
Is 8442389 a composite number?
False
Is 2771317 a composite number?
True
Is 252179351 a composite number?
False
Is 616967 prime?
False
Is 27628309 a prime number?
True
Is 188314341 a composite number?
True
Is 488784617 composite?
False
Is 732001 prime?
False
Is 29709221 prime?
True
Is 10407359 a composite number?
True
Is 142297459 a prime number?
True
Is 4818881 a composite number?
True
Is 60019723 a composite number?
False
Is 22583227 prime?
False
Is 2063983 prime?
True
Is 4219151 composite?
False
Is 18913415 a prime number?
False
Is 28587063 a prime number?
False
Is 2969617 a composite number?
True
Is 509586871 prime?
True
Is 2586253 prime?
True
Is 115986158 a prime number?
False
Is 1132213 a prime number?
False
Is 8769839 prime?
False
Is 891011 composite?
True
Is 3622721 a prime number?
True
Is 8357177 a composite number?
False
Is 8542234 a composite number?
True
Is 1393085 a composite number?
True
Is 667037929 composite?
False
Is 2088901 prime?
True
Is 21305891 a prime number?
True
Is 75011 a prime number?
True
Is 501729191 prime?
True
Is 1898269 prime?
False
Is 56889403 prime?
False
Is 8900713 a composite number?
False
Is 15770977 composite?
False
Is 236495593 prime?
False
Is 15139757 composite?
False
Is 274300991 a prime number?
False
Is 1482674 a prime number?
False
Is 812681 prime?
True
Is 4217111 composite?
False
Is 7823731 a prime number?
True
Is 121355009 composite?
False
Is 3917329 composite?
True
Is 66941353 a prime number?
True
Is 6786607 prime?
False
Is 24236693 a prime number?
False
Is 13423819 a composite number?
True
Is 97011823 a prime number?
False
Is 40104653 a composite number?
False
Is 728291 a prime number?
False
Is 1458661 prime?
False
Is 60680941 prime?
True
Is 131799 composite?
True
Is 32628937 prime?
False
Is 24819343 a prime number?
False
Is 100971659 a composite number?
False
Is 1398311 a prime number?
False
Is 44320219 a composite number?
True
Is 3515503 a prime number?
False
Is 2014699 composite?
True
Is 293807743 composite?
True
Is 54159673 a prime number?
False
Is 180509669 a prime number?
False
Is 5142619 prime?
False
Is 6118001 a prime number?
True
Is 14715797 a composite number?
False
Is 3619051 composite?
True
Is 1949803 prime?
False
Is 8878799 a prime number?
True
Is 1026601 prime?
False
Is 3114561 a prime number?
False
Is 96847 a prime number?
True
Is 22694479 a composite number?
False
Is 76686173 composite?
False
Is 3518729 composite?
True
Is 444181097 a prime number?
True
Is 4460327 composite?
False
Is 1130929 a prime number?
True
Is 130201871 a composite number?
False
Is 12891527 a prime number?
False
Is 17881847 a composite number?
True
Is 775823 a prime number?
True
Is 92181 composite?
True
Is 5357903 a prime number?
True
Is 393539 a prime number?
True
Is 7592821 a prime number?
True
Is 75652807 prime?
True
Is 1155569 prime?
True
Is 49995871 a composite number?
True
Is 642113 composite?
False
Is 8296454 a composite number?
True
Is 48492467 a prime number?
False
Is 34513945 prime?
False
Is 4575797 a composite number?
False
Is 26659609 a prime number?
True
Is 45598463 prime?
True
Is 5449783 a prime number?
True
Is 6794506 prime?
False
Is 2899712687 a composite number?
False
Is 202033387 a composite number?
True
Is 536143 prime?
False
Is 5607517 prime?
True
Is 63505493 prime?
False
Is 107837383 a prime number?
True
Is 85697999 a composite number?
True
Is 731689 composite?
True
Is 242971 a prime number?
True
Is 49210751 a composite number?
False
Is 9893183 prime?
True
Is 1090003 prime?
True
Is 4727161 a prime number?
False
Is 552649 prime?
True
Is 440753 a prime number?
True
Is 232096079 a composite number?
True
Is 360906751 composite?
True
Is 6465531 a composite number?
True
Is 964181 composite?
True
Is 192192727 a composite number?
False
Is 141133901 composite?
False
Is 2412541 a prime number?
True
Is 15179393 a prime number?
False
Is 13771119 a prime number?
False
Is 7315103 a prime number?
False
Is 132209647 composite?
True
Is 703289 composite?
True
Is 204868689 prime?
False
Is 22922507 a composite number?
False
Is 2546218 composite?
True
Is 913032695 a prime number?
False
Is 3360802 composite?
True
Is 107043751 a prime number?
True
Is 10898399 a composite number?
False
Is 61858033 composite?
False
Is 645391 a prime number?
False
Is 799147 prime?
True
Is 1545829 a prime number?
False
Is 3099709 a prime number?
True
Is 2593841 prime?
True
Is 1130778377 composite?
False
Is 42860899 a composite number?
False
Is 7202857 prime?
True
Is 1848551 a prime number?
True
Is 37734253 prime?
True
Is 4437934 composite?
True
Is 147251513 a composite number?
True
Is 105980243 composite?
False
Is 66937127 a prime number?
False
Is 69865539 a composite number?
True
Is 11371043 a composite number?
True
Is 187233637 a prime number?
True
Is 98076931 composite?
False
Is 12652903 composite?
True
Is 2045647 a prime number?
True
Is 770165446 prime?
False
Is 61575209 composite?
True
Is 10315729 prime?
True
Is 1385053 a composite number?
True
Is 11057289 prime?
False
Is 70184999 composite?
False
Is 134193599 composite?
True
Is 18972377 prime?
True
Is 3285551 prime?
False
Is 15728087 a prime number?
True
Is 42155197 prime?
False
Is 16891841 a composite number?
False
Is 24085459 composite?
True
Is 10637873 composite?
False
Is 20379361 a prime number?
True
Is 23886427 a prime number?
True
Is 24069931 prime?
False
Is 200758 prime?
False
Is 723529 composite?
False
Is 3126437 prime?
True
Is 192470721 composite?
True
Is 52155709 prime?
True
Is 612773 prime?
False
Is 4588435 a composite number?
True
Is 882313 a prime number?
True
Is 2403773 a prime number?
True
Is 68329 prime?
True
Is 61829039 prime?
True
Is 11007737 prime?
False
Is 9812938 a composite number?
True
Is 46787771 a composite number?
False
Is 16226153 composite?
False
Is 2301119 composite?
False
Is 34180203 a composite number?
True
Is 13738309 prime?
False
Is 14699 a composite number?
False
Is 108955559 a composite number?
True
Is 353127823 composite?
False
Is 4101133 prime?
True
Is 216753 a prime number?
False
Is 16896031 prime?
True
Is 99916319 prime?
True
Is 5104033 a prime number?
False
Is 167987 a prime number?
True
Is 59430719 a composite number?
True
Is 518911 a prime number?
True
Is 70352329 a composite number?
False
Is 76132391 composite?
False
Is 3552061 a prime number?
False
Is 95186677 composite?
False
Is 482152389 a composite number?
True
Is 1245397 prime?
True
Is 4506158 a composite number?
True
Is 92091947 prime?
False
Is 23937493 a prime number?
True
Is 3391769 prime?
True
Is 2053907 composite?
True
Is 3531833 a composite number?
False
Is 527621 prime?
False
Is 5786113 prime?
True
Is 8019421 prime?
False
Is 7283219 a prime number?
True
Is 48783689 a composite number?
True
Is 4603393 composite?
False
Is 38214851 composite?
False
Is 84848591 prime?
True
Is 4048855 prime?
False
Is 152257759 prime?